5*z + 4*o - 5*o - 16, n*z = 4*o + 13. Suppose -z*m = 19 - 55. List the prime factors of m.
2, 3
Let x = 22 - 19. Suppose -s - 2*j = -0*j, x*s = -j. What are the prime factors of (-4)/(-1) - (s - -1)?
3
Let h = 16 + -12. Suppose -2*u = 2*x - 34, 0 = -h*x - 0*u + 2*u + 50. List the prime factors of x.
2, 7
What are the prime factors of 4 + (-300)/(5 + -7)?
2, 7, 11
Let p = 213 + 11. Let h = p - 123. What are the prime factors of h?
101
Let h be (100/3)/((-2)/87). Let s be 32/20*10/4. List the prime factors of s/14 + h/(-70).
3, 7
Let p(v) = -v**3 - 2*v**2 - v - 7. Let z be p(-3). Suppose z*w - 2 = 48. List the prime factors of w.
2, 5
List the prime factors of (-4)/(-22) + 18*(-7029)/(-242).
523
Suppose 0 = 5*t + 3*f - 94, 7 = 2*f + 1. Let c = 17 - t. Suppose 2*a + c*a = 44. What are the prime factors of a?
2, 11
What are the prime factors of 16527/(-14)*1/(1/(-2))?
3, 787
Suppose -5*v + 8*v - 2672 = -r, -4*r - 2*v + 10718 = 0. List the prime factors of r.
7, 383
Let n be (-22)/(-8) + 19/76. Suppose -b = n*q - 48, 4*q - 116 = -5*b + 80. What are the prime factors of b?
2, 3
Let g = 3 + 3. Suppose -s + g = -1. Suppose -p - s = -28. List the prime factors of p.
3, 7
List the prime factors of 1/5 + 35780/100.
2, 179
What are the prime factors of (-5070)/(-4)*32/48?
5, 13
Suppose 0 = -g - 0*t - 3*t - 33, 0 = 3*g - 5*t + 85. Let w = g - -73. What are the prime factors of w?
43
Let t = -5015 - -7307. What are the prime factors of t?
2, 3, 191
Let v(r) = -16*r + 43. Suppose 2*d - z + 4 = -2*z, -7 = 5*d + 4*z. What are the prime factors of v(d)?
7, 13
Suppose 10*q = 5*q + 3*x - 10, -q - x = 2. Let o = 37 + q. List the prime factors of o.
5, 7
Let m be -11 + -3 + 2 + 4. Let r = 8 + m. Suppose r = 4*n + 3*o - 13 - 61, -95 = -5*n - 5*o. List the prime factors of n.
17
Let d be (-3 + 0)/(12/(-8)). Let o(q) = q**2 - 5*q - 4 - 2*q**d - 4*q. What are the prime factors of o(-8)?
2
Let k(a) = -a**2 - 20*a - 7. Let l be k(-20). Let r(v) = v**3 + 12*v**2 + 16*v - 9. What are the prime factors of r(l)?
2, 31
Let f be ((-4)/(-7))/(1/7). Suppose f*h - 25 = -9. Let n(u) = -2*u**2 + 10*u - 4. List the prime factors of n(h).
2
Let u be 27/2*(-5 - -7). Suppose j - 28 = 5*j - 4*s, 5*j = s - u. List the prime factors of 1015/25 - 2/j.
41
Let l(k) = 2*k - 15. Let y be l(10). Suppose y - 33 = -4*f. Suppose -6*u + f*u = 25. What are the prime factors of u?
5
Let l = -26 - -19. List the prime factors of (-14)/l + (-2 - -103).
103
Suppose -9*z - 4 - 50 = 0. What are the prime factors of -501*(-1 - ((-20)/z + -4))?
167
Suppose -4*y + 1140 = -1532. List the prime factors of y.
2, 167
Suppose -4*x - 832 = 2*k + 2*k, -4*x = -4*k + 848. Let o be 10/(-15) + x/9. Let q = o - -48. What are the prime factors of q?
2, 3
Suppose -3198 = 18*j - 11064. What are the prime factors of j?
19, 23
What are the prime factors of (-7431)/(-21) + (60/28 - 2)?
2, 3, 59
Let t(r) be the third derivative of 2*r**4 + 2*r**3/3 + 26*r**2. What are the prime factors of t(1)?
2, 13
Let g be 35/20*(-13 - -1). Let l = 6 + -13. Let h = l - g. What are the prime factors of h?
2, 7
Let i(k) = k + 15. Let v(f) = f**3 + 12*f**2 - 3*f - 25. Let t be v(-12). List the prime factors of i(t).
2, 13
Suppose -4*i + 2 - 18 = 0. Let l be 9/6*i/(-2). Suppose -l = -k + 4. List the prime factors of k.
7
Let k = -197 + 1002. List the prime factors of k.
5, 7, 23
Suppose 20*w = 16*w. Suppose 4*z - 118 = 5*x, w*x + 3*x = 6. List the prime factors of z.
2
What are the prime factors of (-3)/((-18)/9714) - 6?
1613
Suppose -2 = 3*z - 4*z. Let d be 0/1 - (25 - 27). Suppose -2 = t + 4*v, -d*t + v + 3 = -z. List the prime factors of t.
2
Suppose 4*p + 5 - 17 = 0. Suppose -6*x + 4*x + 17 = p*g, 2*g - 10 = -x. What are the prime factors of x?
2
Let x be (-20)/7*56/(-16). Suppose -r = -3*l - x, l - 5*r + 18 = 2*l. What are the prime factors of (-1314)/(-27) + l/3?
2, 3
Let s(m) = -m - 1. Let g be s(-1). Suppose g*c + 2 = c. What are the prime factors of (c/6)/(9/270)?
2, 5
Let z(n) be the third derivative of -n**5/60 - 3*n**4/4 + 5*n**3/6 - 5*n**2. Let w be z(-8). Suppose -4*o - w = -265. What are the prime factors of o?
3, 5
Let o be (-17)/51 - 206/(-6). Suppose -4*z + 102 = 3*t - 40, -5*t = 5*z - 240. Let c = t - o. List the prime factors of c.
2
Let p(q) = -q + 9. Let c be p(7). Suppose 0*j + 2*j + c = -3*r, -j - 6 = 4*r. Suppose -g - 3*z - 10 = 0, -j*z = -10*g + 5*g + 18. List the prime factors of g.
2
Let m(d) = -d**2 + 7*d - 3. Let c be m(5). Suppose -19 = -4*v - c. Suppose 2*w - 94 = 5*x, -2*x = 6*w - v*w - 103. What are the prime factors of w?
37
Suppose -2*c = 4*u - 4696, 3*c - 2950 = -2*u + 4094. List the prime factors of c.
2, 587
Let f(z) = -z**2 + 12*z + 21. Let u be f(13). Suppose -u*x + 247 + 2569 = 0. List the prime factors of x.
2, 11
Suppose 0*t - 3*t + 165 = 0. What are the prime factors of t - ((-16)/(-7) - 16/56)?
53
Let a(q) = 3*q + 3. Suppose 3*c = -c - 32. Let p be a(c). Let r = p - -56. What are the prime factors of r?
5, 7
Suppose -3*k - 81 = -4*k. Let o = k + 26. What are the prime factors of o?
107
Suppose -1340 = -52*x + 50*x. List the prime factors of x.
2, 5, 67
Suppose 0 = c - 3*w - 203, -2*c - 162 = 3*w - 523. Suppose -34 - c = 3*u. List the prime factors of (u/(-3))/(10/15).
37
Let r(m) = -2*m + m - 1072 + 1073. What are the prime factors of r(-4)?
5
Let m = -61 - 34. Let c = m - -158. What are the prime factors of c?
3, 7
Let s(q) = 3*q**3 - 14*q**2 + 10*q - 3. What are the prime factors of s(5)?
2, 3
Let u be 1/(-3) + (-705)/45. Let y = -12 - u. List the prime factors of y.
2
Let c(x) = 338*x - 46. List the prime factors of c(12).
2, 5, 401
Let n be (-3)/((-6)/(-4)) - 3. Let o(q) = -78*q**2 + 4*q - 75*q**2 + 6 + 155*q**2. What are the prime factors of o(n)?
2, 3
Suppose 4*l = -0*l - r - 35, -l + 4*r = 30. What are the prime factors of l/(-20) - (-50)/4?
13
Suppose -3*w = 2*j - 5623, -4*j + 1871 = -2*w + 3*w. What are the prime factors of w?
3, 5
Suppose -27*j + 16291 = -10169. What are the prime factors of j?
2, 5, 7
Let g(d) = 344*d**2 + 20*d + 32. What are the prime factors of g(-2)?
2, 3, 19
Let p(a) = -251*a + 103. What are the prime factors of p(-8)?
2111
Suppose 0 = -10*q - 3*q + 8333. What are the prime factors of q?
641
Suppose 4*i + 14 = -3*q, -33 = -4*q + 6*i - i. Suppose 3*h - 12 = 2*a + 2*a, -5*a + 31 = q*h. List the prime factors of h.
2
Let n(d) = 15*d**2 + 2*d - 30. List the prime factors of n(-8).
2, 457
Let j(q) = -758*q - 16. What are the prime factors of j(-1)?
2, 7, 53
Let l be (42/15 + -4)*40. Let w = l + 68. What are the prime factors of w?
2, 5
Let o = 23 + -21. Suppose 4*d + 3*w = 61, 3*d + 2*d - 82 = o*w. Suppose 0 = -3*a + 109 - d. What are the prime factors of a?
31
Let o be 0 + 0 + (-19 - -1). Suppose -3*k + 30*y = 33*y - 144, -144 = -3*k + 3*y. List the prime factors of k/o*9/(-4).
2, 3
Suppose -3*k + 5*k + 412 = 4*v, 3*k = -6. Let g = v + 88. List the prime factors of g.
2, 5, 19
Let h(l) = -l**2 - l + 12. Let f be h(0). Let y(t) = -t**3 + 13*t**2 - 12*t + 3. Let x be y(f). Suppose 0 = -x*m + 7 + 23. List the prime factors of m.
2, 5
Let q = 1607 + -938. List the prime factors of q/9 - 5/15.
2, 37
Let n(y) = y**3 - 12*y**2 + 9*y - 16. Let m be n(11). Let z = -9 - m. What are the prime factors of z?
29
Let q = 699 + -329. Let x = -215 + q. What are the prime factors of x?
5, 31
Let h(p) = p**3 - 5*p**2 - 10*p + 1. Suppose 5*i = g + 45, 4*i + 0*g = -g + 36. List the prime factors of h(i).
5, 47
Let c be 4 + 379 + 6 - (0 - -3). Let d = -266 + c. List the prime factors of d.
2, 3, 5
Suppose 1892 = 8*j - 5548. List the prime factors of j.
2, 3, 5, 31
Suppose 5*b + 265 - 70 = 0. Let y = b + 190. List the prime factors of y.
151
Let x = -2992 - -5898. What are the prime factors of x?
2, 1453
Suppose 3*d - d - 10 = 0. Suppose -2*a + d*h = -448, -2*a - 6*h = -h - 468. What are the prime factors of a?
229
Suppose 4091 = 5*m - 3*w + 397, 5*m + 3*w = 3706. What are the prime factors of m?
2, 5, 37
Suppose 12*c = 8*c + 560. Suppose 0*j - c = -4*j. Suppose 4*q - 5*q = -j. What are the prime factors of q?
5, 7
Let u = -66 + 130. Suppose o - 54 = -4*i + u, 0 = -3*i + 3*o + 81. Let a = i + -24. What are the prime factors of a?
5
Suppose 4*b - 2*s - 3148 = 0, 3*s + 3144 = 4*b + 2*s. List 